{"id":2086,"date":"2021-08-18T19:16:11","date_gmt":"2021-08-18T17:16:11","guid":{"rendered":"https:\/\/noeliebroglie.ch\/?post_type=product&#038;p=2086"},"modified":"2022-05-25T16:21:55","modified_gmt":"2022-05-25T14:21:55","slug":"faire-silence-et-contempler-son-chemin-de-vie","status":"publish","type":"product","link":"https:\/\/noeliebroglie.ch\/de\/produkt\/faire-silence-et-contempler-son-chemin-de-vie\/","title":{"rendered":"Still werden und seinen Lebensweg betrachten"},"content":{"rendered":"<p>Tableau r\u00e9alis\u00e9 \u00e0 l&rsquo;aide de 5 supports (3 toiles et 2 carr\u00e9s en bois) de 10&#215;10 cm et de deux \u00e9paisseurs\u00a0 distinctes (1.5 cm et 3 cm) afin de donner du relief. Le tout a \u00e9t\u00e9 coll\u00e9 sur un morceau de bois de 20&#215;60 cm peint avec de la peinture acrylique. Les 5 supports ont \u00e9t\u00e9 recouverts avec du sable color\u00e9.<\/p>\n<p>Dimensionen: 20\u00d760 cm<br \/>\nGewicht: 1.2 kg<\/p>","protected":false},"excerpt":{"rendered":"<p>Tableau r\u00e9alis\u00e9 \u00e0 l&rsquo;aide de sable color\u00e9.<br \/>\nDimensionen: 20\u00d760 cm<\/p>","protected":false},"featured_media":2761,"template":"","meta":{"_et_pb_use_builder":"","_et_pb_old_content":"","_et_gb_content_width":""},"product_brand":[],"product_cat":[53,48],"product_tag":[],"class_list":{"0":"post-2086","1":"product","2":"type-product","3":"status-publish","4":"has-post-thumbnail","6":"product_cat-sable","7":"product_cat-tableaux","9":"first","10":"instock","11":"sold-individually","12":"shipping-taxable","13":"purchasable","14":"product-type-simple"},"yoast_head":"<!-- This site is optimized with the Yoast SEO plugin v27.4 - https:\/\/yoast.com\/product\/yoast-seo-wordpress\/ -->\n<title>Faire silence et contempler son chemin de vie - noeliebroglie.ch<\/title>\n<meta name=\"robots\" content=\"index, follow, max-snippet:-1, max-image-preview:large, max-video-preview:-1\" \/>\n<link rel=\"canonical\" href=\"https:\/\/noeliebroglie.ch\/de\/produkt\/faire-silence-et-contempler-son-chemin-de-vie\/\" \/>\n<meta property=\"og:locale\" content=\"de_DE\" \/>\n<meta property=\"og:type\" content=\"article\" \/>\n<meta property=\"og:title\" content=\"Faire silence et contempler son chemin de vie - noeliebroglie.ch\" \/>\n<meta property=\"og:description\" content=\"Tableau r\u00e9alis\u00e9 \u00e0 l&#039;aide de sable color\u00e9. Dimensions: 20x60 cm\" \/>\n<meta property=\"og:url\" content=\"https:\/\/noeliebroglie.ch\/de\/produkt\/faire-silence-et-contempler-son-chemin-de-vie\/\" \/>\n<meta property=\"og:site_name\" content=\"noeliebroglie.ch\" \/>\n<meta property=\"article:modified_time\" content=\"2022-05-25T14:21:55+00:00\" \/>\n<meta property=\"og:image\" content=\"https:\/\/noeliebroglie.ch\/wp-content\/uploads\/2021\/08\/Tableau-19a-scaled.jpg\" \/>\n\t<meta property=\"og:image:width\" content=\"2048\" \/>\n\t<meta property=\"og:image:height\" content=\"2560\" \/>\n\t<meta property=\"og:image:type\" content=\"image\/jpeg\" \/>\n<meta name=\"twitter:card\" content=\"summary_large_image\" \/>\n<meta name=\"twitter:label1\" content=\"Gesch\u00e4tzte Lesezeit\" \/>\n\t<meta name=\"twitter:data1\" content=\"1\u00a0Minute\" \/>\n<script type=\"application\/ld+json\" class=\"yoast-schema-graph\">{\"@context\":\"https:\\\/\\\/schema.org\",\"@graph\":[{\"@type\":\"WebPage\",\"@id\":\"https:\\\/\\\/noeliebroglie.ch\\\/produit\\\/faire-silence-et-contempler-son-chemin-de-vie\\\/\",\"url\":\"https:\\\/\\\/noeliebroglie.ch\\\/produit\\\/faire-silence-et-contempler-son-chemin-de-vie\\\/\",\"name\":\"Faire silence et contempler son chemin de vie - noeliebroglie.ch\",\"isPartOf\":{\"@id\":\"https:\\\/\\\/noeliebroglie.ch\\\/#website\"},\"primaryImageOfPage\":{\"@id\":\"https:\\\/\\\/noeliebroglie.ch\\\/produit\\\/faire-silence-et-contempler-son-chemin-de-vie\\\/#primaryimage\"},\"image\":{\"@id\":\"https:\\\/\\\/noeliebroglie.ch\\\/produit\\\/faire-silence-et-contempler-son-chemin-de-vie\\\/#primaryimage\"},\"thumbnailUrl\":\"https:\\\/\\\/noeliebroglie.ch\\\/wp-content\\\/uploads\\\/2021\\\/08\\\/Tableau-19a-scaled.jpg\",\"datePublished\":\"2021-08-18T17:16:11+00:00\",\"dateModified\":\"2022-05-25T14:21:55+00:00\",\"breadcrumb\":{\"@id\":\"https:\\\/\\\/noeliebroglie.ch\\\/produit\\\/faire-silence-et-contempler-son-chemin-de-vie\\\/#breadcrumb\"},\"inLanguage\":\"de\",\"potentialAction\":[{\"@type\":\"ReadAction\",\"target\":[\"https:\\\/\\\/noeliebroglie.ch\\\/produit\\\/faire-silence-et-contempler-son-chemin-de-vie\\\/\"]}]},{\"@type\":\"ImageObject\",\"inLanguage\":\"de\",\"@id\":\"https:\\\/\\\/noeliebroglie.ch\\\/produit\\\/faire-silence-et-contempler-son-chemin-de-vie\\\/#primaryimage\",\"url\":\"https:\\\/\\\/noeliebroglie.ch\\\/wp-content\\\/uploads\\\/2021\\\/08\\\/Tableau-19a-scaled.jpg\",\"contentUrl\":\"https:\\\/\\\/noeliebroglie.ch\\\/wp-content\\\/uploads\\\/2021\\\/08\\\/Tableau-19a-scaled.jpg\",\"width\":2048,\"height\":2560},{\"@type\":\"BreadcrumbList\",\"@id\":\"https:\\\/\\\/noeliebroglie.ch\\\/produit\\\/faire-silence-et-contempler-son-chemin-de-vie\\\/#breadcrumb\",\"itemListElement\":[{\"@type\":\"ListItem\",\"position\":1,\"name\":\"Accueil\",\"item\":\"https:\\\/\\\/noeliebroglie.ch\\\/\"},{\"@type\":\"ListItem\",\"position\":2,\"name\":\"Boutique\",\"item\":\"https:\\\/\\\/noeliebroglie.ch\\\/boutique\\\/\"},{\"@type\":\"ListItem\",\"position\":3,\"name\":\"Faire silence et contempler son chemin de vie\"}]},{\"@type\":\"WebSite\",\"@id\":\"https:\\\/\\\/noeliebroglie.ch\\\/#website\",\"url\":\"https:\\\/\\\/noeliebroglie.ch\\\/\",\"name\":\"noeliebroglie.ch\",\"description\":\"\",\"publisher\":{\"@id\":\"https:\\\/\\\/noeliebroglie.ch\\\/#\\\/schema\\\/person\\\/45ea2673345ef104556f33cfdbe8788d\"},\"potentialAction\":[{\"@type\":\"SearchAction\",\"target\":{\"@type\":\"EntryPoint\",\"urlTemplate\":\"https:\\\/\\\/noeliebroglie.ch\\\/?s={search_term_string}\"},\"query-input\":{\"@type\":\"PropertyValueSpecification\",\"valueRequired\":true,\"valueName\":\"search_term_string\"}}],\"inLanguage\":\"de\"},{\"@type\":[\"Person\",\"Organization\"],\"@id\":\"https:\\\/\\\/noeliebroglie.ch\\\/#\\\/schema\\\/person\\\/45ea2673345ef104556f33cfdbe8788d\",\"name\":\"No\u00e9lie Broglie\",\"image\":{\"@type\":\"ImageObject\",\"inLanguage\":\"de\",\"@id\":\"https:\\\/\\\/noeliebroglie.ch\\\/wp-content\\\/uploads\\\/2021\\\/03\\\/0Logo-nb-couleurs-sans-bord.jpeg\",\"url\":\"https:\\\/\\\/noeliebroglie.ch\\\/wp-content\\\/uploads\\\/2021\\\/03\\\/0Logo-nb-couleurs-sans-bord.jpeg\",\"contentUrl\":\"https:\\\/\\\/noeliebroglie.ch\\\/wp-content\\\/uploads\\\/2021\\\/03\\\/0Logo-nb-couleurs-sans-bord.jpeg\",\"width\":653,\"height\":661,\"caption\":\"No\u00e9lie Broglie\"},\"logo\":{\"@id\":\"https:\\\/\\\/noeliebroglie.ch\\\/wp-content\\\/uploads\\\/2021\\\/03\\\/0Logo-nb-couleurs-sans-bord.jpeg\"},\"sameAs\":[\"http:\\\/\\\/bl1pragmeq.preview.infomaniak.website\"]}]}<\/script>\n<!-- \/ Yoast SEO plugin. -->","yoast_head_json":{"title":"Faire silence et contempler son chemin de vie - noeliebroglie.ch","robots":{"index":"index","follow":"follow","max-snippet":"max-snippet:-1","max-image-preview":"max-image-preview:large","max-video-preview":"max-video-preview:-1"},"canonical":"https:\/\/noeliebroglie.ch\/de\/produkt\/faire-silence-et-contempler-son-chemin-de-vie\/","og_locale":"de_DE","og_type":"article","og_title":"Faire silence et contempler son chemin de vie - noeliebroglie.ch","og_description":"Tableau r\u00e9alis\u00e9 \u00e0 l'aide de sable color\u00e9. Dimensions: 20x60 cm","og_url":"https:\/\/noeliebroglie.ch\/de\/produkt\/faire-silence-et-contempler-son-chemin-de-vie\/","og_site_name":"noeliebroglie.ch","article_modified_time":"2022-05-25T14:21:55+00:00","og_image":[{"width":2048,"height":2560,"url":"https:\/\/noeliebroglie.ch\/wp-content\/uploads\/2021\/08\/Tableau-19a-scaled.jpg","type":"image\/jpeg"}],"twitter_card":"summary_large_image","twitter_misc":{"Gesch\u00e4tzte Lesezeit":"1\u00a0Minute"},"schema":{"@context":"https:\/\/schema.org","@graph":[{"@type":"WebPage","@id":"https:\/\/noeliebroglie.ch\/produit\/faire-silence-et-contempler-son-chemin-de-vie\/","url":"https:\/\/noeliebroglie.ch\/produit\/faire-silence-et-contempler-son-chemin-de-vie\/","name":"Faire silence et contempler son chemin de vie - noeliebroglie.ch","isPartOf":{"@id":"https:\/\/noeliebroglie.ch\/#website"},"primaryImageOfPage":{"@id":"https:\/\/noeliebroglie.ch\/produit\/faire-silence-et-contempler-son-chemin-de-vie\/#primaryimage"},"image":{"@id":"https:\/\/noeliebroglie.ch\/produit\/faire-silence-et-contempler-son-chemin-de-vie\/#primaryimage"},"thumbnailUrl":"https:\/\/noeliebroglie.ch\/wp-content\/uploads\/2021\/08\/Tableau-19a-scaled.jpg","datePublished":"2021-08-18T17:16:11+00:00","dateModified":"2022-05-25T14:21:55+00:00","breadcrumb":{"@id":"https:\/\/noeliebroglie.ch\/produit\/faire-silence-et-contempler-son-chemin-de-vie\/#breadcrumb"},"inLanguage":"de","potentialAction":[{"@type":"ReadAction","target":["https:\/\/noeliebroglie.ch\/produit\/faire-silence-et-contempler-son-chemin-de-vie\/"]}]},{"@type":"ImageObject","inLanguage":"de","@id":"https:\/\/noeliebroglie.ch\/produit\/faire-silence-et-contempler-son-chemin-de-vie\/#primaryimage","url":"https:\/\/noeliebroglie.ch\/wp-content\/uploads\/2021\/08\/Tableau-19a-scaled.jpg","contentUrl":"https:\/\/noeliebroglie.ch\/wp-content\/uploads\/2021\/08\/Tableau-19a-scaled.jpg","width":2048,"height":2560},{"@type":"BreadcrumbList","@id":"https:\/\/noeliebroglie.ch\/produit\/faire-silence-et-contempler-son-chemin-de-vie\/#breadcrumb","itemListElement":[{"@type":"ListItem","position":1,"name":"Accueil","item":"https:\/\/noeliebroglie.ch\/"},{"@type":"ListItem","position":2,"name":"Boutique","item":"https:\/\/noeliebroglie.ch\/boutique\/"},{"@type":"ListItem","position":3,"name":"Faire silence et contempler son chemin de vie"}]},{"@type":"WebSite","@id":"https:\/\/noeliebroglie.ch\/#website","url":"https:\/\/noeliebroglie.ch\/","name":"noeliebroglie.ch","description":"","publisher":{"@id":"https:\/\/noeliebroglie.ch\/#\/schema\/person\/45ea2673345ef104556f33cfdbe8788d"},"potentialAction":[{"@type":"SearchAction","target":{"@type":"EntryPoint","urlTemplate":"https:\/\/noeliebroglie.ch\/?s={search_term_string}"},"query-input":{"@type":"PropertyValueSpecification","valueRequired":true,"valueName":"search_term_string"}}],"inLanguage":"de"},{"@type":["Person","Organization"],"@id":"https:\/\/noeliebroglie.ch\/#\/schema\/person\/45ea2673345ef104556f33cfdbe8788d","name":"No\u00e9lie Broglie","image":{"@type":"ImageObject","inLanguage":"de","@id":"https:\/\/noeliebroglie.ch\/wp-content\/uploads\/2021\/03\/0Logo-nb-couleurs-sans-bord.jpeg","url":"https:\/\/noeliebroglie.ch\/wp-content\/uploads\/2021\/03\/0Logo-nb-couleurs-sans-bord.jpeg","contentUrl":"https:\/\/noeliebroglie.ch\/wp-content\/uploads\/2021\/03\/0Logo-nb-couleurs-sans-bord.jpeg","width":653,"height":661,"caption":"No\u00e9lie Broglie"},"logo":{"@id":"https:\/\/noeliebroglie.ch\/wp-content\/uploads\/2021\/03\/0Logo-nb-couleurs-sans-bord.jpeg"},"sameAs":["http:\/\/bl1pragmeq.preview.infomaniak.website"]}]}},"_links":{"self":[{"href":"https:\/\/noeliebroglie.ch\/de\/wp-json\/wp\/v2\/product\/2086","targetHints":{"allow":["GET"]}}],"collection":[{"href":"https:\/\/noeliebroglie.ch\/de\/wp-json\/wp\/v2\/product"}],"about":[{"href":"https:\/\/noeliebroglie.ch\/de\/wp-json\/wp\/v2\/types\/product"}],"wp:featuredmedia":[{"embeddable":true,"href":"https:\/\/noeliebroglie.ch\/de\/wp-json\/wp\/v2\/media\/2761"}],"wp:attachment":[{"href":"https:\/\/noeliebroglie.ch\/de\/wp-json\/wp\/v2\/media?parent=2086"}],"wp:term":[{"taxonomy":"product_brand","embeddable":true,"href":"https:\/\/noeliebroglie.ch\/de\/wp-json\/wp\/v2\/product_brand?post=2086"},{"taxonomy":"product_cat","embeddable":true,"href":"https:\/\/noeliebroglie.ch\/de\/wp-json\/wp\/v2\/product_cat?post=2086"},{"taxonomy":"product_tag","embeddable":true,"href":"https:\/\/noeliebroglie.ch\/de\/wp-json\/wp\/v2\/product_tag?post=2086"}],"curies":[{"name":"wp","href":"https:\/\/api.w.org\/{rel}","templated":true}]}}

<p>Tableau réalisé à l&rsquo;aide de 5 supports (3 toiles et 2 carrés en bois) de 10&#215;10 cm et de deux épaisseurs  distinctes (1.5 cm et 3 cm) afin de donner du relief. Le tout a été collé sur un morceau de bois de 20&#215;60 cm peint avec de la peinture acrylique. Les 5 supports ont été recouverts avec du sable coloré.</p>
<p>Dimensionen: 20×60 cm<br />
Gewicht: 1.2 kg</p>

<p>Tableau réalisé à l&rsquo;aide de sable coloré.<br />
Dimensionen: 20×60 cm</p>

<!-- This site is optimized with the Yoast SEO plugin v27.4 - https://yoast.com/product/yoast-seo-wordpress/ -->
<title>Faire silence et contempler son chemin de vie - noeliebroglie.ch</title>
<meta name="robots" content="index, follow, max-snippet:-1, max-image-preview:large, max-video-preview:-1" />
<link rel="canonical" href="https://noeliebroglie.ch/de/produkt/faire-silence-et-contempler-son-chemin-de-vie/" />
<meta property="og:locale" content="de_DE" />
<meta property="og:type" content="article" />
<meta property="og:title" content="Faire silence et contempler son chemin de vie - noeliebroglie.ch" />
<meta property="og:description" content="Tableau réalisé à l&#039;aide de sable coloré. Dimensions: 20x60 cm" />
<meta property="og:url" content="https://noeliebroglie.ch/de/produkt/faire-silence-et-contempler-son-chemin-de-vie/" />
<meta property="og:site_name" content="noeliebroglie.ch" />
<meta property="article:modified_time" content="2022-05-25T14:21:55+00:00" />
<meta property="og:image" content="https://noeliebroglie.ch/wp-content/uploads/2021/08/Tableau-19a-scaled.jpg" />
	<meta property="og:image:width" content="2048" />
	<meta property="og:image:height" content="2560" />
	<meta property="og:image:type" content="image/jpeg" />
<meta name="twitter:card" content="summary_large_image" />
<meta name="twitter:label1" content="Geschätzte Lesezeit" />
	<meta name="twitter:data1" content="1 Minute" />
<script type="application/ld+json" class="yoast-schema-graph">{"@context":"https:\/\/schema.org","@graph":[{"@type":"WebPage","@id":"https:\/\/noeliebroglie.ch\/produit\/faire-silence-et-contempler-son-chemin-de-vie\/","url":"https:\/\/noeliebroglie.ch\/produit\/faire-silence-et-contempler-son-chemin-de-vie\/","name":"Faire silence et contempler son chemin de vie - noeliebroglie.ch","isPartOf":{"@id":"https:\/\/noeliebroglie.ch\/#website"},"primaryImageOfPage":{"@id":"https:\/\/noeliebroglie.ch\/produit\/faire-silence-et-contempler-son-chemin-de-vie\/#primaryimage"},"image":{"@id":"https:\/\/noeliebroglie.ch\/produit\/faire-silence-et-contempler-son-chemin-de-vie\/#primaryimage"},"thumbnailUrl":"https:\/\/noeliebroglie.ch\/wp-content\/uploads\/2021\/08\/Tableau-19a-scaled.jpg","datePublished":"2021-08-18T17:16:11+00:00","dateModified":"2022-05-25T14:21:55+00:00","breadcrumb":{"@id":"https:\/\/noeliebroglie.ch\/produit\/faire-silence-et-contempler-son-chemin-de-vie\/#breadcrumb"},"inLanguage":"de","potentialAction":[{"@type":"ReadAction","target":["https:\/\/noeliebroglie.ch\/produit\/faire-silence-et-contempler-son-chemin-de-vie\/"]}]},{"@type":"ImageObject","inLanguage":"de","@id":"https:\/\/noeliebroglie.ch\/produit\/faire-silence-et-contempler-son-chemin-de-vie\/#primaryimage","url":"https:\/\/noeliebroglie.ch\/wp-content\/uploads\/2021\/08\/Tableau-19a-scaled.jpg","contentUrl":"https:\/\/noeliebroglie.ch\/wp-content\/uploads\/2021\/08\/Tableau-19a-scaled.jpg","width":2048,"height":2560},{"@type":"BreadcrumbList","@id":"https:\/\/noeliebroglie.ch\/produit\/faire-silence-et-contempler-son-chemin-de-vie\/#breadcrumb","itemListElement":[{"@type":"ListItem","position":1,"name":"Accueil","item":"https:\/\/noeliebroglie.ch\/"},{"@type":"ListItem","position":2,"name":"Boutique","item":"https:\/\/noeliebroglie.ch\/boutique\/"},{"@type":"ListItem","position":3,"name":"Faire silence et contempler son chemin de vie"}]},{"@type":"WebSite","@id":"https:\/\/noeliebroglie.ch\/#website","url":"https:\/\/noeliebroglie.ch\/","name":"noeliebroglie.ch","description":"","publisher":{"@id":"https:\/\/noeliebroglie.ch\/#\/schema\/person\/45ea2673345ef104556f33cfdbe8788d"},"potentialAction":[{"@type":"SearchAction","target":{"@type":"EntryPoint","urlTemplate":"https:\/\/noeliebroglie.ch\/?s={search_term_string}"},"query-input":{"@type":"PropertyValueSpecification","valueRequired":true,"valueName":"search_term_string"}}],"inLanguage":"de"},{"@type":["Person","Organization"],"@id":"https:\/\/noeliebroglie.ch\/#\/schema\/person\/45ea2673345ef104556f33cfdbe8788d","name":"Noélie Broglie","image":{"@type":"ImageObject","inLanguage":"de","@id":"https:\/\/noeliebroglie.ch\/wp-content\/uploads\/2021\/03\/0Logo-nb-couleurs-sans-bord.jpeg","url":"https:\/\/noeliebroglie.ch\/wp-content\/uploads\/2021\/03\/0Logo-nb-couleurs-sans-bord.jpeg","contentUrl":"https:\/\/noeliebroglie.ch\/wp-content\/uploads\/2021\/03\/0Logo-nb-couleurs-sans-bord.jpeg","width":653,"height":661,"caption":"Noélie Broglie"},"logo":{"@id":"https:\/\/noeliebroglie.ch\/wp-content\/uploads\/2021\/03\/0Logo-nb-couleurs-sans-bord.jpeg"},"sameAs":["http:\/\/bl1pragmeq.preview.infomaniak.website"]}]}</script>
<!-- / Yoast SEO plugin. -->

Tableau réalisé à l'aide de sable coloré. Dimensions: 20x60 cm

Noélie Broglie
